Last updated on 2019-05-01 01:52:04 CEST.
Flavor | Version | Tinstall | Tcheck | Ttotal | Status | Flags |
---|---|---|---|---|---|---|
r-devel-linux-x86_64-debian-clang | 1.0-10 | 5.07 | 35.01 | 40.08 | OK | --no-tests |
r-devel-linux-x86_64-debian-gcc | 1.0-10 | 4.21 | 28.56 | 32.77 | OK | --no-tests |
r-devel-linux-x86_64-fedora-clang | 1.0-10 | 48.20 | OK | --no-tests | ||
r-devel-linux-x86_64-fedora-gcc | 1.0-10 | 47.13 | OK | --no-tests | ||
r-patched-linux-x86_64 | 1.0-10 | 4.49 | 34.95 | 39.44 | OK | --no-tests |
r-patched-solaris-x86 | 1.0-10 | 250.40 | OK | |||
r-release-linux-x86_64 | 1.0-10 | 4.62 | 35.07 | 39.69 | OK | --no-tests |
r-release-windows-ix86+x86_64 | 1.0-10 | 11.00 | 125.00 | 136.00 | OK | |
r-release-osx-x86_64 | 1.0-10 | NOTE | ||||
r-oldrel-windows-ix86+x86_64 | 1.0-10 | 8.00 | 113.00 | 121.00 | OK | |
r-oldrel-osx-x86_64 | 1.0-10 | NOTE |
Version: 1.0-10
Check: package dependencies
Result: NOTE
Package suggested but not available for checking: ‘Rmpi’
Flavors: r-release-osx-x86_64, r-oldrel-osx-x86_64
Version: 1.0-10
Check: Rd cross-references
Result: NOTE
Package unavailable to check Rd xrefs: ‘Rmpi’
Flavors: r-release-osx-x86_64, r-oldrel-osx-x86_64