Last updated on 2019-05-01 01:52:04 CEST.
Flavor | Version | Tinstall | Tcheck | Ttotal | Status | Flags |
---|---|---|---|---|---|---|
r-devel-linux-x86_64-debian-clang | 3.3-26 | 213.03 | 310.71 | 523.74 | OK | |
r-devel-linux-x86_64-debian-gcc | 3.3-26 | 185.67 | 239.14 | 424.81 | OK | |
r-devel-linux-x86_64-fedora-clang | 3.3-26 | 590.87 | NOTE | |||
r-devel-linux-x86_64-fedora-gcc | 3.3-26 | 709.10 | OK | |||
r-patched-linux-x86_64 | 3.3-26 | 218.93 | 317.52 | 536.45 | OK | |
r-patched-solaris-x86 | 3.3-26 | 786.50 | OK | |||
r-release-linux-x86_64 | 3.3-26 | 215.77 | 313.73 | 529.50 | OK | |
r-release-windows-ix86+x86_64 | 3.3-26 | 523.00 | 522.00 | 1045.00 | NOTE | |
r-release-osx-x86_64 | 3.3-26 | FAIL | ||||
r-oldrel-windows-ix86+x86_64 | 3.3-26 | 504.00 | 436.00 | 940.00 | NOTE | |
r-oldrel-osx-x86_64 | 3.3-26 | NOTE |
Version: 3.3-26
Check: installed package size
Result: NOTE
installed size is 9.7Mb
sub-directories of 1Mb or more:
R 1.8Mb
libs 6.0Mb
Flavors: r-devel-linux-x86_64-fedora-clang, r-release-windows-ix86+x86_64, r-release-osx-x86_64, r-oldrel-windows-ix86+x86_64, r-oldrel-osx-x86_64
Version: 3.3-26
Check: dependencies in R code
Result: FAIL
Flavor: r-release-osx-x86_64