Last updated on 2019-05-01 01:52:04 CEST.
Flavor | Version | Tinstall | Tcheck | Ttotal | Status | Flags |
---|---|---|---|---|---|---|
r-devel-linux-x86_64-debian-clang | 0.1 | 1.41 | 15.99 | 17.40 | NOTE | |
r-devel-linux-x86_64-debian-gcc | 0.1 | 1.27 | 13.63 | 14.90 | NOTE | |
r-devel-linux-x86_64-fedora-clang | 0.1 | 21.59 | NOTE | |||
r-devel-linux-x86_64-fedora-gcc | 0.1 | 20.99 | NOTE | |||
r-patched-linux-x86_64 | 0.1 | 1.24 | 16.44 | 17.68 | NOTE | |
r-patched-solaris-x86 | 0.1 | 34.20 | NOTE | |||
r-release-linux-x86_64 | 0.1 | 1.43 | 16.71 | 18.14 | NOTE | |
r-release-windows-ix86+x86_64 | 0.1 | 6.00 | 25.00 | 31.00 | NOTE | |
r-release-osx-x86_64 | 0.1 | NOTE | ||||
r-oldrel-windows-ix86+x86_64 | 0.1 | 2.00 | 24.00 | 26.00 | NOTE | |
r-oldrel-osx-x86_64 | 0.1 | NOTE |
Version: 0.1
Check: R code for possible problems
Result: NOTE
dskt: no visible global function definition for 'dt'
pskt: no visible global function definition for 'pt'
qskt: no visible global function definition for 'qt'
rskt: no visible global function definition for 'runif'
Undefined global functions or variables:
dt pt qt runif
Consider adding
importFrom("stats", "dt", "pt", "qt", "runif")
to your NAMESPACE file.
Flavors: r-devel-linux-x86_64-debian-clang, r-devel-linux-x86_64-debian-gcc, r-devel-linux-x86_64-fedora-clang, r-devel-linux-x86_64-fedora-gcc, r-patched-linux-x86_64, r-patched-solaris-x86, r-release-linux-x86_64, r-release-windows-ix86+x86_64, r-release-osx-x86_64, r-oldrel-windows-ix86+x86_64, r-oldrel-osx-x86_64