CRAN Package Check Results for Package soilDB

Last updated on 2019-05-01 01:52:04 CEST.

Flavor Version Tinstall Tcheck Ttotal Status Flags
r-devel-linux-x86_64-debian-clang 2.3.5 18.28 150.44 168.72 OK
r-devel-linux-x86_64-debian-gcc 2.3.5 13.42 116.10 129.52 OK
r-devel-linux-x86_64-fedora-clang 2.3.5 197.72 OK
r-devel-linux-x86_64-fedora-gcc 2.3.5 191.39 OK
r-patched-linux-x86_64 2.3.5 16.84 146.57 163.41 OK
r-patched-solaris-x86 2.3.5 256.50 ERROR
r-release-linux-x86_64 2.3.5 17.83 145.54 163.37 OK
r-release-windows-ix86+x86_64 2.3.5 43.00 230.00 273.00 OK
r-release-osx-x86_64 2.3.5 OK
r-oldrel-windows-ix86+x86_64 2.3.5 29.00 228.00 257.00 OK
r-oldrel-osx-x86_64 2.3.5 OK

Check Details

Version: 2.3.5
Check: examples
Result: ERROR
    Running examples in ‘soilDB-Ex.R’ failed
    The error most likely occurred in:
    
    > ### Name: OSDquery
    > ### Title: Full text searching of the USDA-NRCS Official Series
    > ### Descriptions
    > ### Aliases: OSDquery
    > ### Keywords: manip
    >
    > ### ** Examples
    >
    > # find all series that list Pardee as a geographically associated soil.
    > s <- OSDquery(geog_assoc_soils = 'pardee')
    Error in curl::curl_fetch_memory(url, handle = handle) :
     Timeout was reached: Resolving timed out after 10000 milliseconds
    Calls: OSDquery ... request_fetch -> request_fetch.write_memory -> <Anonymous>
    Execution halted
Flavor: r-patched-solaris-x86