CRAN Package Check Results for Package soptdmaeA

Last updated on 2019-05-01 01:52:04 CEST.

Flavor Version Tinstall Tcheck Ttotal Status Flags
r-devel-linux-x86_64-debian-clang 1.0.0 8.28 59.75 68.03 OK
r-devel-linux-x86_64-debian-gcc 1.0.0 7.93 48.91 56.84 OK
r-devel-linux-x86_64-fedora-clang 1.0.0 82.65 OK
r-devel-linux-x86_64-fedora-gcc 1.0.0 84.61 OK
r-patched-linux-x86_64 1.0.0 8.78 60.55 69.33 OK
r-patched-solaris-x86 1.0.0 136.70 OK
r-release-linux-x86_64 1.0.0 8.20 60.69 68.89 OK
r-release-windows-ix86+x86_64 1.0.0 20.00 90.00 110.00 OK
r-release-osx-x86_64 1.0.0 FAIL
r-oldrel-windows-ix86+x86_64 1.0.0 14.00 96.00 110.00 OK
r-oldrel-osx-x86_64 1.0.0 OK

Check Details

Version: 1.0.0
Check: whether package can be installed
Result: FAIL
    
Flavor: r-release-osx-x86_64