Last updated on 2019-05-01 01:52:04 CEST.
Flavor | Version | Tinstall | Tcheck | Ttotal | Status | Flags |
---|---|---|---|---|---|---|
r-devel-linux-x86_64-debian-clang | 1.2 | 201.15 | 220.88 | 422.03 | OK | |
r-devel-linux-x86_64-debian-gcc | 1.2 | 164.16 | 135.68 | 299.84 | OK | |
r-devel-linux-x86_64-fedora-clang | 1.2 | 605.97 | NOTE | |||
r-devel-linux-x86_64-fedora-gcc | 1.2 | 596.51 | OK | |||
r-patched-linux-x86_64 | 1.2 | 199.35 | 173.07 | 372.42 | OK | |
r-patched-solaris-x86 | 1.2 | 814.00 | OK | |||
r-release-linux-x86_64 | 1.2 | 197.63 | 220.40 | 418.03 | OK | |
r-release-windows-ix86+x86_64 | 1.2 | 474.00 | 539.00 | 1013.00 | OK | |
r-release-osx-x86_64 | 1.2 | NOTE | ||||
r-oldrel-windows-ix86+x86_64 | 1.2 | 476.00 | 477.00 | 953.00 | OK | |
r-oldrel-osx-x86_64 | 1.2 | NOTE |
Version: 1.2
Check: installed package size
Result: NOTE
installed size is 8.5Mb
sub-directories of 1Mb or more:
libs 7.8Mb
Flavors: r-devel-linux-x86_64-fedora-clang, r-release-osx-x86_64, r-oldrel-osx-x86_64