Last updated on 2019-05-01 01:52:05 CEST.
Flavor | Version | Tinstall | Tcheck | Ttotal | Status | Flags |
---|---|---|---|---|---|---|
r-devel-linux-x86_64-debian-clang | 0.3 | 10.70 | 75.28 | 85.98 | OK | |
r-devel-linux-x86_64-debian-gcc | 0.3 | 10.41 | 60.51 | 70.92 | OK | |
r-devel-linux-x86_64-fedora-clang | 0.3 | 103.91 | OK | |||
r-devel-linux-x86_64-fedora-gcc | 0.3 | 101.56 | OK | |||
r-patched-linux-x86_64 | 0.3 | 13.13 | 75.67 | 88.80 | OK | |
r-patched-solaris-x86 | 0.3 | 165.90 | OK | |||
r-release-linux-x86_64 | 0.3 | 13.26 | 74.59 | 87.85 | OK | |
r-release-windows-ix86+x86_64 | 0.3 | 26.00 | 105.00 | 131.00 | OK | |
r-release-osx-x86_64 | 0.3 | OK | ||||
r-oldrel-windows-ix86+x86_64 | 0.3 | 18.00 | 105.00 | 123.00 | OK | |
r-oldrel-osx-x86_64 | 0.3 | NOTE |
Version: 0.3
Check: package dependencies
Result: NOTE
Package suggested but not available for checking: ‘antaresViz’
Flavor: r-oldrel-osx-x86_64
Version: 0.3
Check: Rd cross-references
Result: NOTE
Package unavailable to check Rd xrefs: ‘antaresViz’
Flavor: r-oldrel-osx-x86_64