Last updated on 2019-05-01 01:52:05 CEST.
Flavor | Version | Tinstall | Tcheck | Ttotal | Status | Flags |
---|---|---|---|---|---|---|
r-devel-linux-x86_64-debian-clang | 0.2.5 | 7.59 | 150.94 | 158.53 | OK | |
r-devel-linux-x86_64-debian-gcc | 0.2.5 | 5.92 | 109.71 | 115.63 | OK | |
r-devel-linux-x86_64-fedora-clang | 0.2.5 | 195.90 | OK | |||
r-devel-linux-x86_64-fedora-gcc | 0.2.5 | 189.27 | OK | |||
r-patched-linux-x86_64 | 0.2.5 | 6.77 | 147.17 | 153.94 | OK | |
r-patched-solaris-x86 | 0.2.5 | 317.60 | OK | |||
r-release-linux-x86_64 | 0.2.5 | 6.77 | 144.91 | 151.68 | OK | |
r-release-windows-ix86+x86_64 | 0.2.5 | 15.00 | 251.00 | 266.00 | OK | |
r-release-osx-x86_64 | 0.2.5 | FAIL | ||||
r-oldrel-windows-ix86+x86_64 | 0.2.5 | 12.00 | 241.00 | 253.00 | OK | |
r-oldrel-osx-x86_64 | 0.2.5 | OK |
Version: 0.2.5
Check: whether package can be installed
Result: FAIL
Flavor: r-release-osx-x86_64