Last updated on 2019-05-01 01:52:05 CEST.
Flavor | Version | Tinstall | Tcheck | Ttotal | Status | Flags |
---|---|---|---|---|---|---|
r-devel-linux-x86_64-debian-clang | 0.1.0 | 14.74 | 30.02 | 44.76 | OK | |
r-devel-linux-x86_64-debian-gcc | 0.1.0 | 11.21 | 24.35 | 35.56 | OK | |
r-devel-linux-x86_64-fedora-clang | 0.1.0 | 59.68 | NOTE | |||
r-devel-linux-x86_64-fedora-gcc | 0.1.0 | 54.93 | NOTE | |||
r-patched-linux-x86_64 | 0.1.0 | 12.75 | 29.93 | 42.68 | OK | |
r-patched-solaris-x86 | 0.1.0 | 77.30 | NOTE | |||
r-release-linux-x86_64 | 0.1.0 | 12.81 | 29.74 | 42.55 | OK | |
r-release-windows-ix86+x86_64 | 0.1.0 | 44.00 | 76.00 | 120.00 | OK | |
r-release-osx-x86_64 | 0.1.0 | NOTE | ||||
r-oldrel-windows-ix86+x86_64 | 0.1.0 | 42.00 | 80.00 | 122.00 | OK | |
r-oldrel-osx-x86_64 | 0.1.0 | NOTE |
Version: 0.1.0
Check: dependencies in R code
Result: NOTE
Namespaces in Imports field not imported from:
‘extrafont’ ‘ggplot2’
All declared Imports should be used.
Flavors: r-devel-linux-x86_64-fedora-clang, r-devel-linux-x86_64-fedora-gcc, r-patched-solaris-x86, r-release-osx-x86_64, r-oldrel-osx-x86_64