Last updated on 2019-05-01 01:52:05 CEST.
Flavor | Version | Tinstall | Tcheck | Ttotal | Status | Flags |
---|---|---|---|---|---|---|
r-devel-linux-x86_64-debian-clang | 0.1.3 | 80.79 | 65.14 | 145.93 | OK | |
r-devel-linux-x86_64-debian-gcc | 0.1.3 | 71.94 | 52.74 | 124.68 | OK | |
r-devel-linux-x86_64-fedora-clang | 0.1.3 | 214.34 | NOTE | |||
r-devel-linux-x86_64-fedora-gcc | 0.1.3 | 193.55 | NOTE | |||
r-patched-linux-x86_64 | 0.1.3 | 84.50 | 66.56 | 151.06 | OK | |
r-patched-solaris-x86 | 0.1.3 | 238.50 | NOTE | |||
r-release-linux-x86_64 | 0.1.3 | 82.47 | 66.90 | 149.37 | OK | |
r-release-windows-ix86+x86_64 | 0.1.3 | 233.00 | 199.00 | 432.00 | NOTE | |
r-release-osx-x86_64 | 0.1.3 | NOTE | ||||
r-oldrel-windows-ix86+x86_64 | 0.1.3 | 227.00 | 177.00 | 404.00 | NOTE | |
r-oldrel-osx-x86_64 | 0.1.3 | NOTE |
Version: 0.1.3
Check: installed package size
Result: NOTE
installed size is 17.1Mb
sub-directories of 1Mb or more:
data 3.4Mb
libs 12.8Mb
Flavors: r-devel-linux-x86_64-fedora-clang, r-release-windows-ix86+x86_64, r-release-osx-x86_64, r-oldrel-windows-ix86+x86_64, r-oldrel-osx-x86_64
Version: 0.1.3
Check: dependencies in R code
Result: NOTE
Namespaces in Imports field not imported from:
‘BayesX’ ‘BayesXsrc’ ‘automap’ ‘plyr’ ‘rgdal’ ‘splines’
All declared Imports should be used.
Flavors: r-devel-linux-x86_64-fedora-clang, r-devel-linux-x86_64-fedora-gcc, r-patched-solaris-x86, r-release-osx-x86_64, r-oldrel-osx-x86_64