CRAN Package Check Results for Package stablelearner

Last updated on 2019-05-01 01:52:05 CEST.

Flavor Version Tinstall Tcheck Ttotal Status Flags
r-devel-linux-x86_64-debian-clang 0.1-1 8.18 58.88 67.06 OK
r-devel-linux-x86_64-debian-gcc 0.1-1 6.02 48.17 54.19 OK
r-devel-linux-x86_64-fedora-clang 0.1-1 80.71 NOTE
r-devel-linux-x86_64-fedora-gcc 0.1-1 76.70 NOTE
r-patched-linux-x86_64 0.1-1 7.18 59.09 66.27 OK
r-patched-solaris-x86 0.1-1 125.50 NOTE
r-release-linux-x86_64 0.1-1 7.72 59.38 67.10 OK
r-release-windows-ix86+x86_64 0.1-1 20.00 97.00 117.00 OK
r-release-osx-x86_64 0.1-1 NOTE
r-oldrel-windows-ix86+x86_64 0.1-1 11.00 67.00 78.00 OK
r-oldrel-osx-x86_64 0.1-1 NOTE

Check Details

Version: 0.1-1
Check: data for non-ASCII characters
Result: NOTE
     Note: found 123 marked UTF-8 strings
Flavors: r-devel-linux-x86_64-fedora-clang, r-devel-linux-x86_64-fedora-gcc, r-patched-solaris-x86, r-release-osx-x86_64, r-oldrel-osx-x86_64