CRAN Package Check Results for Package statsDK

Last updated on 2019-05-01 01:52:05 CEST.

Flavor Version Tinstall Tcheck Ttotal Status Flags
r-devel-linux-x86_64-debian-clang 0.1.1 1.54 27.18 28.72 OK
r-devel-linux-x86_64-debian-gcc 0.1.1 1.57 22.61 24.18 OK
r-devel-linux-x86_64-fedora-clang 0.1.1 35.41 NOTE
r-devel-linux-x86_64-fedora-gcc 0.1.1 33.40 NOTE
r-patched-linux-x86_64 0.1.1 1.84 27.51 29.35 OK
r-patched-solaris-x86 0.1.1 57.30 NOTE
r-release-linux-x86_64 0.1.1 1.89 27.15 29.04 OK
r-release-windows-ix86+x86_64 0.1.1 7.00 72.00 79.00 OK
r-release-osx-x86_64 0.1.1 ERROR
r-oldrel-windows-ix86+x86_64 0.1.1 4.00 67.00 71.00 OK
r-oldrel-osx-x86_64 0.1.1 NOTE

Check Details

Version: 0.1.1
Check: dependencies in R code
Result: NOTE
    Namespaces in Imports field not imported from:
     ‘dplyr’ ‘ggplot2’ ‘stringr’
     All declared Imports should be used.
Flavors: r-devel-linux-x86_64-fedora-clang, r-devel-linux-x86_64-fedora-gcc, r-patched-solaris-x86, r-release-osx-x86_64, r-oldrel-osx-x86_64

Version: 0.1.1
Check: tests
Result: ERROR
     Running ‘testthat.R’ [1s/41s]
    Running the tests in ‘tests/testthat.R’ failed.
    Last 13 lines of output:
     2: suppressWarnings(httr::GET(url))
     3: withCallingHandlers(expr, warning = function(w) invokeRestart("muffleWarning"))
     4: httr::GET(url)
     5: request_perform(req, hu$handle$handle)
     6: request_fetch(req$output, req$url, handle)
     7: request_fetch.write_memory(req$output, req$url, handle)
     8: curl::curl_fetch_memory(url, handle = handle)
    
     ══ testthat results ═══════════════════════════════════════════════════════════
     OK: 0 SKIPPED: 0 FAILED: 2
     1. Error: (unknown) (@test_fixers.R#8)
     2. Error: (unknown) (@test_retrievers.R#7)
    
     Error: testthat unit tests failed
     Execution halted
Flavor: r-release-osx-x86_64