CRAN Package Check Results for Package stlplus

Last updated on 2019-05-01 01:52:05 CEST.

Flavor Version Tinstall Tcheck Ttotal Status Flags
r-devel-linux-x86_64-debian-clang 0.5.1 25.30 33.58 58.88 OK
r-devel-linux-x86_64-debian-gcc 0.5.1 19.37 27.41 46.78 OK
r-devel-linux-x86_64-fedora-clang 0.5.1 83.43 NOTE
r-devel-linux-x86_64-fedora-gcc 0.5.1 74.67 NOTE
r-patched-linux-x86_64 0.5.1 22.90 33.61 56.51 OK
r-patched-solaris-x86 0.5.1 98.60 OK
r-release-linux-x86_64 0.5.1 22.98 33.51 56.49 OK
r-release-windows-ix86+x86_64 0.5.1 66.00 90.00 156.00 OK
r-release-osx-x86_64 0.5.1 OK
r-oldrel-windows-ix86+x86_64 0.5.1 66.00 91.00 157.00 OK
r-oldrel-osx-x86_64 0.5.1 OK

Check Details

Version: 0.5.1
Check: compiled code
Result: NOTE
    File ‘stlplus/libs/stlplus.so’:
     Found no calls to: ‘R_registerRoutines’, ‘R_useDynamicSymbols’
    
    It is good practice to register native routines and to disable symbol
    search.
    
    See ‘Writing portable packages’ in the ‘Writing R Extensions’ manual.
Flavors: r-devel-linux-x86_64-fedora-clang, r-devel-linux-x86_64-fedora-gcc