CRAN Package Check Results for Package strataG

Last updated on 2019-05-01 01:52:05 CEST.

Flavor Version Tinstall Tcheck Ttotal Status Flags
r-devel-linux-x86_64-debian-clang 2.0.2 87.28 242.55 329.83 OK --no-vignettes
r-devel-linux-x86_64-debian-gcc 2.0.2 71.90 233.38 305.28 OK --no-vignettes
r-devel-linux-x86_64-fedora-clang 2.0.2 384.96 NOTE
r-devel-linux-x86_64-fedora-gcc 2.0.2 409.19 NOTE
r-patched-linux-x86_64 2.0.2 85.18 245.91 331.09 OK --no-vignettes
r-patched-solaris-x86 2.0.2 489.60 NOTE --no-vignettes
r-release-linux-x86_64 2.0.2 85.96 246.88 332.84 OK --no-vignettes
r-release-windows-ix86+x86_64 2.0.2 210.00 805.00 1015.00 OK
r-release-osx-x86_64 2.0.2 NOTE
r-oldrel-windows-ix86+x86_64 2.0.2 218.00 659.00 877.00 OK
r-oldrel-osx-x86_64 2.0.2 NOTE

Check Details

Version: 2.0.2
Check: dependencies in R code
Result: NOTE
    Namespace in Imports field not imported from: ‘survival’
     All declared Imports should be used.
Flavors: r-devel-linux-x86_64-fedora-clang, r-devel-linux-x86_64-fedora-gcc, r-release-osx-x86_64, r-oldrel-osx-x86_64

Version: 2.0.2
Flags: --no-vignettes
Check: dependencies in R code
Result: NOTE
    Namespace in Imports field not imported from: ‘survival’
     All declared Imports should be used.
Flavor: r-patched-solaris-x86