CRAN Package Check Results for Package stressr

Last updated on 2019-05-01 01:52:05 CEST.

Flavor Version Tinstall Tcheck Ttotal Status Flags
r-devel-linux-x86_64-debian-clang 1.0.0 3.22 32.73 35.95 NOTE
r-devel-linux-x86_64-debian-gcc 1.0.0 2.79 26.98 29.77 NOTE
r-devel-linux-x86_64-fedora-clang 1.0.0 42.52 NOTE
r-devel-linux-x86_64-fedora-gcc 1.0.0 41.27 NOTE
r-patched-linux-x86_64 1.0.0 3.33 32.93 36.26 NOTE
r-patched-solaris-x86 1.0.0 68.40 NOTE
r-release-linux-x86_64 1.0.0 3.12 32.96 36.08 NOTE
r-release-windows-ix86+x86_64 1.0.0 9.00 65.00 74.00 NOTE
r-release-osx-x86_64 1.0.0 NOTE
r-oldrel-windows-ix86+x86_64 1.0.0 6.00 57.00 63.00 NOTE
r-oldrel-osx-x86_64 1.0.0 NOTE

Check Details

Version: 1.0.0
Check: DESCRIPTION meta-information
Result: NOTE
    Malformed Title field: should not end in a period.
Flavors: r-devel-linux-x86_64-debian-clang, r-devel-linux-x86_64-debian-gcc, r-devel-linux-x86_64-fedora-clang, r-devel-linux-x86_64-fedora-gcc, r-patched-linux-x86_64, r-patched-solaris-x86, r-release-linux-x86_64, r-release-windows-ix86+x86_64, r-release-osx-x86_64, r-oldrel-windows-ix86+x86_64, r-oldrel-osx-x86_64