Last updated on 2019-05-01 01:52:05 CEST.
Flavor | Version | Tinstall | Tcheck | Ttotal | Status | Flags |
---|---|---|---|---|---|---|
r-devel-linux-x86_64-debian-clang | 0.1.1 | 9.15 | 69.27 | 78.42 | OK | |
r-devel-linux-x86_64-debian-gcc | 0.1.1 | 8.19 | 55.82 | 64.01 | OK | |
r-devel-linux-x86_64-fedora-clang | 0.1.1 | 91.68 | NOTE | |||
r-devel-linux-x86_64-fedora-gcc | 0.1.1 | 89.73 | NOTE | |||
r-patched-linux-x86_64 | 0.1.1 | 8.80 | 68.84 | 77.64 | OK | |
r-patched-solaris-x86 | 0.1.1 | 157.50 | NOTE | |||
r-release-linux-x86_64 | 0.1.1 | 9.00 | 68.83 | 77.83 | OK | |
r-release-windows-ix86+x86_64 | 0.1.1 | 31.00 | 128.00 | 159.00 | OK | |
r-release-osx-x86_64 | 0.1.1 | WARN | ||||
r-oldrel-windows-ix86+x86_64 | 0.1.1 | 21.00 | 85.00 | 106.00 | OK | |
r-oldrel-osx-x86_64 | 0.1.1 | NOTE |
Version: 0.1.1
Check: dependencies in R code
Result: NOTE
Namespaces in Imports field not imported from:
‘DiceOptim’ ‘GPareto’ ‘rgenoud’
All declared Imports should be used.
Flavors: r-devel-linux-x86_64-fedora-clang, r-devel-linux-x86_64-fedora-gcc, r-patched-solaris-x86, r-release-osx-x86_64, r-oldrel-osx-x86_64
Version: 0.1.1
Check: whether package can be installed
Result: WARN
Found the following significant warnings:
Warning: 'rgl_init' failed, running with rgl.useNULL = TRUE
Flavor: r-release-osx-x86_64