Last updated on 2019-05-01 01:52:05 CEST.
Flavor | Version | Tinstall | Tcheck | Ttotal | Status | Flags |
---|---|---|---|---|---|---|
r-devel-linux-x86_64-debian-clang | 1.0.65 | 801.46 | 177.52 | 978.98 | NOTE | |
r-devel-linux-x86_64-debian-gcc | 1.0.65 | 725.65 | 177.12 | 902.77 | NOTE | |
r-devel-linux-x86_64-fedora-clang | 1.0.65 | 1740.63 | NOTE | |||
r-devel-linux-x86_64-fedora-gcc | 1.0.65 | 1555.10 | NOTE | |||
r-patched-linux-x86_64 | 1.0.65 | 864.24 | 221.88 | 1086.12 | NOTE | |
r-patched-solaris-x86 | 1.0.65 | 1435.50 | NOTE | |||
r-release-linux-x86_64 | 1.0.65 | 866.21 | 222.10 | 1088.31 | NOTE | |
r-release-windows-ix86+x86_64 | 1.0.65 | 2425.00 | 473.00 | 2898.00 | NOTE | |
r-release-osx-x86_64 | 1.0.65 | ERROR | ||||
r-oldrel-windows-ix86+x86_64 | 1.0.65 | 2388.00 | 438.00 | 2826.00 | NOTE | |
r-oldrel-osx-x86_64 | 1.0.65 | NOTE |
Version: 1.0.65
Check: package dependencies
Result: NOTE
Package suggested but not available for checking: 'INLA'
Flavors: r-devel-linux-x86_64-debian-clang, r-devel-linux-x86_64-debian-gcc, r-patched-linux-x86_64, r-patched-solaris-x86, r-release-linux-x86_64, r-release-osx-x86_64, r-oldrel-osx-x86_64
Version: 1.0.65
Check: for GNU extensions in Makefiles
Result: NOTE
GNU make is a SystemRequirements.
Flavors: r-devel-linux-x86_64-debian-clang, r-devel-linux-x86_64-debian-gcc, r-devel-linux-x86_64-fedora-clang, r-devel-linux-x86_64-fedora-gcc, r-patched-linux-x86_64, r-patched-solaris-x86, r-release-linux-x86_64, r-release-windows-ix86+x86_64, r-oldrel-windows-ix86+x86_64, r-oldrel-osx-x86_64
Version: 1.0.65
Check: installed package size
Result: NOTE
installed size is 134.5Mb
sub-directories of 1Mb or more:
libs 133.1Mb
Flavors: r-devel-linux-x86_64-fedora-clang, r-patched-solaris-x86, r-release-windows-ix86+x86_64, r-oldrel-windows-ix86+x86_64, r-oldrel-osx-x86_64
Version: 1.0.65
Check: whether package can be installed
Result: ERROR
Installation failed.
Flavor: r-release-osx-x86_64