Last updated on 2019-05-01 01:52:06 CEST.
Flavor | Version | Tinstall | Tcheck | Ttotal | Status | Flags |
---|---|---|---|---|---|---|
r-devel-linux-x86_64-debian-clang | 1.1.4 | 8.39 | 83.46 | 91.85 | OK | |
r-devel-linux-x86_64-debian-gcc | 1.1.4 | 8.46 | 67.48 | 75.94 | OK | |
r-devel-linux-x86_64-fedora-clang | 1.1.4 | 113.11 | OK | |||
r-devel-linux-x86_64-fedora-gcc | 1.1.4 | 94.26 | OK | |||
r-patched-linux-x86_64 | 1.1.4 | 8.60 | 82.59 | 91.19 | OK | |
r-patched-solaris-x86 | 1.1.4 | 170.10 | OK | |||
r-release-linux-x86_64 | 1.1.4 | 9.65 | 83.03 | 92.68 | OK | |
r-release-windows-ix86+x86_64 | 1.1.4 | 23.00 | 139.00 | 162.00 | OK | |
r-release-osx-x86_64 | 1.1.4 | ERROR | ||||
r-oldrel-windows-ix86+x86_64 | 1.1.4 | 15.00 | 99.00 | 114.00 | OK | |
r-oldrel-osx-x86_64 | 1.1.4 | OK |
Version: 1.1.4
Check: package dependencies
Result: ERROR
Package required but not available: ‘survcomp’
See section ‘The DESCRIPTION file’ in the ‘Writing R Extensions’
manual.
Flavor: r-release-osx-x86_64