CRAN Package Check Results for Package survSNP

Last updated on 2019-05-01 01:52:06 CEST.

Flavor Version Tinstall Tcheck Ttotal Status Flags
r-devel-linux-x86_64-debian-clang 0.24 14.24 157.31 171.55 OK
r-devel-linux-x86_64-debian-gcc 0.24 13.55 119.42 132.97 OK
r-devel-linux-x86_64-fedora-clang 0.24 201.34 NOTE
r-devel-linux-x86_64-fedora-gcc 0.24 193.24 NOTE
r-patched-linux-x86_64 0.24 15.18 153.95 169.13 OK
r-patched-solaris-x86 0.24 290.50 OK
r-release-linux-x86_64 0.24 13.98 152.24 166.22 OK
r-release-windows-ix86+x86_64 0.24 41.00 242.00 283.00 OK
r-release-osx-x86_64 0.24 OK
r-oldrel-windows-ix86+x86_64 0.24 31.00 175.00 206.00 OK
r-oldrel-osx-x86_64 0.24 OK

Check Details

Version: 0.24
Check: compiled code
Result: NOTE
    File ‘survSNP/libs/survSNP.so’:
     Found no calls to: ‘R_registerRoutines’, ‘R_useDynamicSymbols’
    
    It is good practice to register native routines and to disable symbol
    search.
    
    See ‘Writing portable packages’ in the ‘Writing R Extensions’ manual.
Flavors: r-devel-linux-x86_64-fedora-clang, r-devel-linux-x86_64-fedora-gcc