CRAN Package Check Results for Package svSocket

Last updated on 2019-05-01 01:52:06 CEST.

Flavor Version Tinstall Tcheck Ttotal Status Flags
r-devel-linux-x86_64-debian-clang 0.9-57 2.75 24.00 26.75 NOTE
r-devel-linux-x86_64-debian-gcc 0.9-57 2.21 20.57 22.78 NOTE
r-devel-linux-x86_64-fedora-clang 0.9-57 32.79 NOTE
r-devel-linux-x86_64-fedora-gcc 0.9-57 31.84 NOTE
r-patched-linux-x86_64 0.9-57 2.62 25.02 27.64 NOTE
r-patched-solaris-x86 0.9-57 54.20 NOTE
r-release-linux-x86_64 0.9-57 2.49 24.76 27.25 NOTE
r-release-windows-ix86+x86_64 0.9-57 8.00 55.00 63.00 NOTE
r-release-osx-x86_64 0.9-57 NOTE
r-oldrel-windows-ix86+x86_64 0.9-57 6.00 38.00 44.00 NOTE
r-oldrel-osx-x86_64 0.9-57 NOTE

Check Details

Version: 0.9-57
Check: DESCRIPTION meta-information
Result: NOTE
    Malformed Description field: should contain one or more complete sentences.
Flavors: r-devel-linux-x86_64-debian-clang, r-devel-linux-x86_64-debian-gcc, r-devel-linux-x86_64-fedora-clang, r-devel-linux-x86_64-fedora-gcc, r-patched-linux-x86_64, r-patched-solaris-x86, r-release-linux-x86_64, r-release-windows-ix86+x86_64, r-release-osx-x86_64, r-oldrel-windows-ix86+x86_64, r-oldrel-osx-x86_64

Version: 0.9-57
Check: R code for possible problems
Result: NOTE
    processSocket: no visible global function definition for 'URLdecode'
    Undefined global functions or variables:
     URLdecode
    Consider adding
     importFrom("utils", "URLdecode")
    to your NAMESPACE file.
Flavors: r-devel-linux-x86_64-debian-clang, r-devel-linux-x86_64-debian-gcc, r-devel-linux-x86_64-fedora-clang, r-devel-linux-x86_64-fedora-gcc, r-patched-linux-x86_64, r-patched-solaris-x86, r-release-linux-x86_64, r-release-windows-ix86+x86_64, r-release-osx-x86_64, r-oldrel-windows-ix86+x86_64, r-oldrel-osx-x86_64