CRAN Package Check Results for Package tabulizer

Last updated on 2019-05-01 01:52:06 CEST.

Flavor Version Tinstall Tcheck Ttotal Status Flags
r-devel-linux-x86_64-debian-clang 0.2.2 4.63 155.20 159.83 OK
r-devel-linux-x86_64-debian-gcc 0.2.2 3.42 123.85 127.27 OK
r-devel-linux-x86_64-fedora-clang 0.2.2 194.65 OK
r-devel-linux-x86_64-fedora-gcc 0.2.2 192.30 OK
r-patched-linux-x86_64 0.2.2 4.35 154.36 158.71 OK
r-patched-solaris-x86 0.2.2 147.30 OK
r-release-linux-x86_64 0.2.2 5.02 150.53 155.55 OK
r-release-windows-ix86+x86_64 0.2.2 10.00 105.00 115.00 OK
r-release-osx-x86_64 0.2.2 OK
r-oldrel-windows-ix86+x86_64 0.2.2 7.00 132.00 139.00 ERROR
r-oldrel-osx-x86_64 0.2.2 OK

Check Details

Version: 0.2.2
Check: tests
Result: ERROR
     Running 'testthat.R' [47s]
    Running the tests in 'tests/testthat.R' failed.
    Complete output:
     > library("testthat")
     > library("tabulizer")
     >
     > stop_logging()
     > test_check("tabulizer")
     -- 1. Error: Read French language PDF w/correct encoding (@test_non-latin.R#15)
     cannot open URL 'http://www.europarl.europa.eu/oeil/popups/printfichetechnical.pdf?id=673511&lang=fr'
     1: extract_text(f2, page = 1, encoding = "latin1") at testthat/test_non-latin.R:15
     2: load_doc(file, password = password, copy = copy)
     3: localize_file(path = file, copy = copy)
     4: utils::download.file(path, tmp, quiet = quiet, mode = "wb")
    
     == testthat results ===========================================================
     OK: 89 SKIPPED: 0 WARNINGS: 1 FAILED: 1
     1. Error: Read French language PDF w/correct encoding (@test_non-latin.R#15)
    
     Error: testthat unit tests failed
     Execution halted
Flavor: r-oldrel-windows-ix86+x86_64