Last updated on 2019-05-01 01:52:06 CEST.
Flavor | Version | Tinstall | Tcheck | Ttotal | Status | Flags |
---|---|---|---|---|---|---|
r-devel-linux-x86_64-debian-clang | 0.1.0 | 5.95 | 52.94 | 58.89 | OK | |
r-devel-linux-x86_64-debian-gcc | 0.1.0 | 4.90 | 39.87 | 44.77 | OK | |
r-devel-linux-x86_64-fedora-clang | 0.1.0 | 68.12 | NOTE | |||
r-devel-linux-x86_64-fedora-gcc | 0.1.0 | 64.23 | NOTE | |||
r-patched-linux-x86_64 | 0.1.0 | 6.19 | 50.29 | 56.48 | OK | |
r-patched-solaris-x86 | 0.1.0 | 103.30 | NOTE | |||
r-release-linux-x86_64 | 0.1.0 | 6.39 | 50.10 | 56.49 | OK | |
r-release-windows-ix86+x86_64 | 0.1.0 | 21.00 | 106.00 | 127.00 | OK | |
r-release-osx-x86_64 | 0.1.0 | NOTE | ||||
r-oldrel-windows-ix86+x86_64 | 0.1.0 | 14.00 | 65.00 | 79.00 | OK | |
r-oldrel-osx-x86_64 | 0.1.0 | NOTE |
Version: 0.1.0
Check: dependencies in R code
Result: NOTE
Namespaces in Imports field not imported from:
‘MASS’ ‘devEMF’ ‘segmented’ ‘smoother’ ‘tools’
All declared Imports should be used.
Flavors: r-devel-linux-x86_64-fedora-clang, r-devel-linux-x86_64-fedora-gcc, r-patched-solaris-x86, r-release-osx-x86_64, r-oldrel-osx-x86_64