Last updated on 2019-05-01 01:52:06 CEST.
Flavor | Version | Tinstall | Tcheck | Ttotal | Status | Flags |
---|---|---|---|---|---|---|
r-devel-linux-x86_64-debian-clang | 1.0.1 | 194.23 | 141.61 | 335.84 | OK | |
r-devel-linux-x86_64-debian-gcc | 1.0.1 | 170.71 | 107.38 | 278.09 | OK | |
r-devel-linux-x86_64-fedora-clang | 1.0.1 | 493.80 | NOTE | |||
r-devel-linux-x86_64-fedora-gcc | 1.0.1 | 453.84 | OK | |||
r-patched-linux-x86_64 | 1.0.1 | 193.23 | 137.85 | 331.08 | OK | |
r-patched-solaris-x86 | 1.0.1 | 528.20 | OK | |||
r-release-linux-x86_64 | 1.0.1 | 201.98 | 138.22 | 340.20 | OK | |
r-release-windows-ix86+x86_64 | 1.0.1 | 538.00 | 328.00 | 866.00 | NOTE | |
r-release-osx-x86_64 | 1.0.1 | NOTE | ||||
r-oldrel-windows-ix86+x86_64 | 1.0.1 | 542.00 | 306.00 | 848.00 | NOTE | |
r-oldrel-osx-x86_64 | 1.0.1 | NOTE |
Version: 1.0.1
Check: installed package size
Result: NOTE
installed size is 17.8Mb
sub-directories of 1Mb or more:
data 2.4Mb
libs 15.1Mb
Flavors: r-devel-linux-x86_64-fedora-clang, r-release-windows-ix86+x86_64, r-release-osx-x86_64, r-oldrel-windows-ix86+x86_64, r-oldrel-osx-x86_64