Last updated on 2019-05-01 01:52:06 CEST.
Flavor | Version | Tinstall | Tcheck | Ttotal | Status | Flags |
---|---|---|---|---|---|---|
r-devel-linux-x86_64-debian-clang | 0.1.4 | 34.26 | 51.66 | 85.92 | OK | |
r-devel-linux-x86_64-debian-gcc | 0.1.4 | 25.75 | 40.87 | 66.62 | OK | |
r-devel-linux-x86_64-fedora-clang | 0.1.4 | 120.39 | NOTE | |||
r-devel-linux-x86_64-fedora-gcc | 0.1.4 | 106.50 | NOTE | |||
r-patched-linux-x86_64 | 0.1.4 | 31.38 | 50.30 | 81.68 | OK | |
r-patched-solaris-x86 | 0.1.4 | 139.30 | OK | |||
r-release-linux-x86_64 | 0.1.4 | 29.70 | 50.11 | 79.81 | OK | |
r-release-windows-ix86+x86_64 | 0.1.4 | 87.00 | 133.00 | 220.00 | OK | |
r-release-osx-x86_64 | 0.1.4 | OK | ||||
r-oldrel-windows-ix86+x86_64 | 0.1.4 | 80.00 | 119.00 | 199.00 | OK | |
r-oldrel-osx-x86_64 | 0.1.4 | OK |
Version: 0.1.4
Check: compiled code
Result: NOTE
File ‘textreuse/libs/textreuse.so’:
Found no calls to: ‘R_registerRoutines’, ‘R_useDynamicSymbols’
It is good practice to register native routines and to disable symbol
search.
See ‘Writing portable packages’ in the ‘Writing R Extensions’ manual.
Flavors: r-devel-linux-x86_64-fedora-clang, r-devel-linux-x86_64-fedora-gcc