Last updated on 2019-05-01 01:52:06 CEST.
Flavor | Version | Tinstall | Tcheck | Ttotal | Status | Flags |
---|---|---|---|---|---|---|
r-devel-linux-x86_64-debian-clang | 1.2.8 | 4.96 | 49.67 | 54.63 | OK | |
r-devel-linux-x86_64-debian-gcc | 1.2.8 | 4.81 | 38.24 | 43.05 | OK | |
r-devel-linux-x86_64-fedora-clang | 1.2.8 | 67.96 | NOTE | |||
r-devel-linux-x86_64-fedora-gcc | 1.2.8 | 63.99 | NOTE | |||
r-patched-linux-x86_64 | 1.2.8 | 5.58 | 47.20 | 52.78 | OK | |
r-patched-solaris-x86 | 1.2.8 | 117.60 | NOTE | |||
r-release-linux-x86_64 | 1.2.8 | 6.34 | 47.30 | 53.64 | OK | |
r-release-windows-ix86+x86_64 | 1.2.8 | 18.00 | 98.00 | 116.00 | OK | |
r-release-osx-x86_64 | 1.2.8 | NOTE | ||||
r-oldrel-windows-ix86+x86_64 | 1.2.8 | 11.00 | 78.00 | 89.00 | OK | |
r-oldrel-osx-x86_64 | 1.2.8 | NOTE |
Version: 1.2.8
Check: dependencies in R code
Result: NOTE
Namespace in Imports field not imported from: ‘testthat’
All declared Imports should be used.
Flavors: r-devel-linux-x86_64-fedora-clang, r-devel-linux-x86_64-fedora-gcc, r-patched-solaris-x86, r-release-osx-x86_64, r-oldrel-osx-x86_64