Last updated on 2019-05-01 01:52:06 CEST.
Flavor | Version | Tinstall | Tcheck | Ttotal | Status | Flags |
---|---|---|---|---|---|---|
r-devel-linux-x86_64-debian-clang | 0.8.3 | 28.45 | 45.85 | 74.30 | OK | |
r-devel-linux-x86_64-debian-gcc | 0.8.3 | 25.16 | 37.04 | 62.20 | OK | |
r-devel-linux-x86_64-fedora-clang | 0.8.3 | 101.67 | NOTE | |||
r-devel-linux-x86_64-fedora-gcc | 0.8.3 | 92.34 | NOTE | |||
r-patched-linux-x86_64 | 0.8.3 | 27.70 | 45.46 | 73.16 | OK | |
r-patched-solaris-x86 | 0.8.3 | 118.20 | NOTE | |||
r-release-linux-x86_64 | 0.8.3 | 27.26 | 44.66 | 71.92 | OK | |
r-release-windows-ix86+x86_64 | 0.8.3 | 77.00 | 135.00 | 212.00 | OK | |
r-release-osx-x86_64 | 0.8.3 | NOTE | ||||
r-oldrel-windows-ix86+x86_64 | 0.8.3 | 68.00 | 113.00 | 181.00 | OK | |
r-oldrel-osx-x86_64 | 0.8.3 | NOTE |
Version: 0.8.3
Check: data for non-ASCII characters
Result: NOTE
Note: found 23 marked UTF-8 strings
Flavors: r-devel-linux-x86_64-fedora-clang, r-devel-linux-x86_64-fedora-gcc, r-patched-solaris-x86, r-release-osx-x86_64, r-oldrel-osx-x86_64