Last updated on 2019-05-01 01:52:06 CEST.
Flavor | Version | Tinstall | Tcheck | Ttotal | Status | Flags |
---|---|---|---|---|---|---|
r-devel-linux-x86_64-debian-clang | 0.1-5 | 2.81 | 15.81 | 18.62 | OK | |
r-devel-linux-x86_64-debian-gcc | 0.1-5 | 2.07 | 13.66 | 15.73 | OK | |
r-devel-linux-x86_64-fedora-clang | 0.1-5 | 22.94 | NOTE | |||
r-devel-linux-x86_64-fedora-gcc | 0.1-5 | 21.78 | NOTE | |||
r-patched-linux-x86_64 | 0.1-5 | 2.32 | 16.43 | 18.75 | OK | |
r-patched-solaris-x86 | 0.1-5 | 37.40 | OK | |||
r-release-linux-x86_64 | 0.1-5 | 2.65 | 16.11 | 18.76 | OK | |
r-release-windows-ix86+x86_64 | 0.1-5 | 21.00 | 35.00 | 56.00 | OK | |
r-release-osx-x86_64 | 0.1-5 | OK | ||||
r-oldrel-windows-ix86+x86_64 | 0.1-5 | 16.00 | 32.00 | 48.00 | OK | |
r-oldrel-osx-x86_64 | 0.1-5 | OK |
Version: 0.1-5
Check: compiled code
Result: NOTE
File ‘tiff/libs/tiff.so’:
Found no calls to: ‘R_registerRoutines’, ‘R_useDynamicSymbols’
It is good practice to register native routines and to disable symbol
search.
See ‘Writing portable packages’ in the ‘Writing R Extensions’ manual.
Flavors: r-devel-linux-x86_64-fedora-clang, r-devel-linux-x86_64-fedora-gcc