CRAN Package Check Results for Package timetk

Last updated on 2019-05-01 01:52:06 CEST.

Flavor Version Tinstall Tcheck Ttotal Status Flags
r-devel-linux-x86_64-debian-clang 0.1.1.1 5.96 96.34 102.30 OK
r-devel-linux-x86_64-debian-gcc 0.1.1.1 4.66 73.10 77.76 OK
r-devel-linux-x86_64-fedora-clang 0.1.1.1 114.92 NOTE
r-devel-linux-x86_64-fedora-gcc 0.1.1.1 110.71 NOTE
r-patched-linux-x86_64 0.1.1.1 5.64 93.71 99.35 OK
r-patched-solaris-x86 0.1.1.1 188.30 NOTE
r-release-linux-x86_64 0.1.1.1 6.51 93.95 100.46 OK
r-release-windows-ix86+x86_64 0.1.1.1 14.00 192.00 206.00 OK
r-release-osx-x86_64 0.1.1.1 NOTE
r-oldrel-windows-ix86+x86_64 0.1.1.1 10.00 157.00 167.00 OK
r-oldrel-osx-x86_64 0.1.1.1 NOTE

Check Details

Version: 0.1.1.1
Check: dependencies in R code
Result: NOTE
    Namespaces in Imports field not imported from:
     ‘devtools’ ‘forecast’
     All declared Imports should be used.
Flavors: r-devel-linux-x86_64-fedora-clang, r-devel-linux-x86_64-fedora-gcc, r-patched-solaris-x86, r-release-osx-x86_64, r-oldrel-osx-x86_64