Last updated on 2019-05-01 01:52:07 CEST.
Flavor | Version | Tinstall | Tcheck | Ttotal | Status | Flags |
---|---|---|---|---|---|---|
r-devel-linux-x86_64-debian-clang | 0.40 | 6.06 | 77.40 | 83.46 | OK | |
r-devel-linux-x86_64-debian-gcc | 0.40 | 4.83 | 60.61 | 65.44 | OK | |
r-devel-linux-x86_64-fedora-clang | 0.40 | 98.16 | OK | |||
r-devel-linux-x86_64-fedora-gcc | 0.40 | 93.02 | OK | |||
r-patched-linux-x86_64 | 0.40 | 7.55 | 76.38 | 83.93 | OK | |
r-patched-solaris-x86 | 0.40 | 139.00 | OK | |||
r-release-linux-x86_64 | 0.40 | 6.42 | 76.95 | 83.37 | OK | |
r-release-windows-ix86+x86_64 | 0.40 | 17.00 | 124.00 | 141.00 | OK | |
r-release-osx-x86_64 | 0.40 | WARN | ||||
r-oldrel-windows-ix86+x86_64 | 0.40 | 12.00 | 112.00 | 124.00 | OK | |
r-oldrel-osx-x86_64 | 0.40 | OK |
Version: 0.40
Check: package dependencies
Result: NOTE
Package suggested but not available for checking: ‘limma’
Flavor: r-release-osx-x86_64
Version: 0.40
Check: re-building of vignette outputs
Result: WARN
Error(s) in re-building vignettes:
...
--- re-building ‘tmod.rmd’ using rmarkdown
Warning in engine$weave(file, quiet = quiet, encoding = enc) :
Pandoc (>= 1.12.3) and/or pandoc-citeproc not available. Falling back to R Markdown v1.
Quitting from lines 51-59 (tmod.rmd)
Error: processing vignette 'tmod.rmd' failed with diagnostics:
there is no package called 'limma'
--- failed re-building ‘tmod.rmd’
SUMMARY: processing the following file failed:
‘tmod.rmd’
Error: Vignette re-building failed.
Execution halted
Flavor: r-release-osx-x86_64