Last updated on 2019-05-01 01:52:07 CEST.
Flavor | Version | Tinstall | Tcheck | Ttotal | Status | Flags |
---|---|---|---|---|---|---|
r-devel-linux-x86_64-debian-clang | 1.4-10 | 9.44 | 87.46 | 96.90 | OK | |
r-devel-linux-x86_64-debian-gcc | 1.4-10 | 8.15 | 67.70 | 75.85 | OK | |
r-devel-linux-x86_64-fedora-clang | 1.4-10 | 112.67 | NOTE | |||
r-devel-linux-x86_64-fedora-gcc | 1.4-10 | 108.32 | NOTE | |||
r-patched-linux-x86_64 | 1.4-10 | 9.33 | 85.86 | 95.19 | OK | |
r-patched-solaris-x86 | 1.4-10 | 171.20 | OK | |||
r-release-linux-x86_64 | 1.4-10 | 9.53 | 85.78 | 95.31 | OK | |
r-release-windows-ix86+x86_64 | 1.4-10 | 28.00 | 189.00 | 217.00 | OK | |
r-release-osx-x86_64 | 1.4-10 | OK | ||||
r-oldrel-windows-ix86+x86_64 | 1.4-10 | 21.00 | 137.00 | 158.00 | OK | |
r-oldrel-osx-x86_64 | 1.4-10 | OK |
Version: 1.4-10
Check: compiled code
Result: NOTE
File ‘tmvtnorm/libs/tmvtnorm.so’:
Found no calls to: ‘R_registerRoutines’, ‘R_useDynamicSymbols’
It is good practice to register native routines and to disable symbol
search.
See ‘Writing portable packages’ in the ‘Writing R Extensions’ manual.
Flavors: r-devel-linux-x86_64-fedora-clang, r-devel-linux-x86_64-fedora-gcc