Last updated on 2019-05-01 01:52:07 CEST.
Flavor | Version | Tinstall | Tcheck | Ttotal | Status | Flags |
---|---|---|---|---|---|---|
r-devel-linux-x86_64-debian-clang | 0.2.0 | 52.69 | 24.24 | 76.93 | OK | |
r-devel-linux-x86_64-debian-gcc | 0.2.0 | 35.68 | 20.22 | 55.90 | OK | |
r-devel-linux-x86_64-fedora-clang | 0.2.0 | 118.41 | NOTE | |||
r-devel-linux-x86_64-fedora-gcc | 0.2.0 | 99.17 | NOTE | |||
r-patched-linux-x86_64 | 0.2.0 | 46.21 | 24.27 | 70.48 | OK | |
r-patched-solaris-x86 | 0.2.0 | 105.90 | NOTE | |||
r-release-linux-x86_64 | 0.2.0 | 44.14 | 24.47 | 68.61 | OK | |
r-release-windows-ix86+x86_64 | 0.2.0 | 167.00 | 83.00 | 250.00 | OK | |
r-release-osx-x86_64 | 0.2.0 | NOTE | ||||
r-oldrel-windows-ix86+x86_64 | 0.2.0 | 169.00 | 72.00 | 241.00 | OK | |
r-oldrel-osx-x86_64 | 0.2.0 | NOTE |
Version: 0.2.0
Check: data for non-ASCII characters
Result: NOTE
Note: found 548 marked UTF-8 strings
Flavors: r-devel-linux-x86_64-fedora-clang, r-devel-linux-x86_64-fedora-gcc, r-patched-solaris-x86, r-release-osx-x86_64, r-oldrel-osx-x86_64