Last updated on 2019-05-01 01:52:07 CEST.
Flavor | Version | Tinstall | Tcheck | Ttotal | Status | Flags |
---|---|---|---|---|---|---|
r-devel-linux-x86_64-debian-clang | 0.2.0 | 5.37 | 53.84 | 59.21 | OK | |
r-devel-linux-x86_64-debian-gcc | 0.2.0 | 4.58 | 46.25 | 50.83 | OK | |
r-devel-linux-x86_64-fedora-clang | 0.2.0 | 75.15 | NOTE | |||
r-devel-linux-x86_64-fedora-gcc | 0.2.0 | 74.88 | NOTE | |||
r-patched-linux-x86_64 | 0.2.0 | 4.75 | 53.02 | 57.77 | OK | |
r-patched-solaris-x86 | 0.2.0 | 112.80 | NOTE | |||
r-release-linux-x86_64 | 0.2.0 | 4.77 | 52.75 | 57.52 | OK | |
r-release-windows-ix86+x86_64 | 0.2.0 | 12.00 | 97.00 | 109.00 | OK | |
r-release-osx-x86_64 | 0.2.0 | NOTE | ||||
r-oldrel-windows-ix86+x86_64 | 0.2.0 | 11.00 | 100.00 | 111.00 | OK | |
r-oldrel-osx-x86_64 | 0.2.0 | NOTE |
Version: 0.2.0
Check: data for non-ASCII characters
Result: NOTE
Note: found 4494 marked UTF-8 strings
Flavors: r-devel-linux-x86_64-fedora-clang, r-devel-linux-x86_64-fedora-gcc, r-patched-solaris-x86, r-release-osx-x86_64, r-oldrel-osx-x86_64