Last updated on 2019-05-01 01:52:07 CEST.
Flavor | Version | Tinstall | Tcheck | Ttotal | Status | Flags |
---|---|---|---|---|---|---|
r-devel-linux-x86_64-debian-clang | 1.3-0 | 8.52 | 53.79 | 62.31 | OK | |
r-devel-linux-x86_64-debian-gcc | 1.3-0 | 7.74 | 43.43 | 51.17 | OK | |
r-devel-linux-x86_64-fedora-clang | 1.3-0 | 72.85 | NOTE | |||
r-devel-linux-x86_64-fedora-gcc | 1.3-0 | 68.79 | NOTE | |||
r-patched-linux-x86_64 | 1.3-0 | 8.27 | 54.30 | 62.57 | OK | |
r-patched-solaris-x86 | 1.3-0 | 102.40 | OK | |||
r-release-linux-x86_64 | 1.3-0 | 7.36 | 54.54 | 61.90 | OK | |
r-release-windows-ix86+x86_64 | 1.3-0 | 28.00 | 108.00 | 136.00 | OK | |
r-release-osx-x86_64 | 1.3-0 | OK | ||||
r-oldrel-windows-ix86+x86_64 | 1.3-0 | 17.00 | 64.00 | 81.00 | OK | |
r-oldrel-osx-x86_64 | 1.3-0 | OK |
Version: 1.3-0
Check: compiled code
Result: NOTE
File ‘urca/libs/urca.so’:
Found no calls to: ‘R_registerRoutines’, ‘R_useDynamicSymbols’
It is good practice to register native routines and to disable symbol
search.
See ‘Writing portable packages’ in the ‘Writing R Extensions’ manual.
Flavors: r-devel-linux-x86_64-fedora-clang, r-devel-linux-x86_64-fedora-gcc