CRAN Package Check Results for Package vaersvax

Last updated on 2019-05-01 01:52:07 CEST.

Flavor Version Tinstall Tcheck Ttotal Status Flags
r-devel-linux-x86_64-debian-clang 1.0.5 1.48 17.18 18.66 NOTE
r-devel-linux-x86_64-debian-gcc 1.0.5 1.30 14.45 15.75 NOTE
r-devel-linux-x86_64-fedora-clang 1.0.5 22.35 NOTE
r-devel-linux-x86_64-fedora-gcc 1.0.5 21.37 NOTE
r-patched-linux-x86_64 1.0.5 1.62 17.18 18.80 NOTE
r-patched-solaris-x86 1.0.5 36.20 NOTE
r-release-linux-x86_64 1.0.5 1.54 17.22 18.76 NOTE
r-release-windows-ix86+x86_64 1.0.5 5.00 42.00 47.00 NOTE
r-release-osx-x86_64 1.0.5 NOTE
r-oldrel-windows-ix86+x86_64 1.0.5 3.00 29.00 32.00 NOTE
r-oldrel-osx-x86_64 1.0.5 NOTE

Check Details

Version: 1.0.5
Check: package dependencies
Result: NOTE
    Packages suggested but not available for checking: 'vaers', 'vaersND'
Flavors: r-devel-linux-x86_64-debian-clang, r-devel-linux-x86_64-debian-gcc, r-devel-linux-x86_64-fedora-clang, r-devel-linux-x86_64-fedora-gcc, r-patched-linux-x86_64, r-patched-solaris-x86, r-release-linux-x86_64, r-release-windows-ix86+x86_64, r-release-osx-x86_64

Version: 1.0.5
Check: package dependencies
Result: NOTE
    Packages suggested but not available for checking: 'vaers' 'vaersND'
Flavors: r-oldrel-windows-ix86+x86_64, r-oldrel-osx-x86_64