CRAN Package Check Results for Package varrank

Last updated on 2019-05-01 01:52:08 CEST.

Flavor Version Tinstall Tcheck Ttotal Status Flags
r-devel-linux-x86_64-debian-clang 0.2 2.25 172.95 175.20 OK
r-devel-linux-x86_64-debian-gcc 0.2 1.98 131.16 133.14 OK
r-devel-linux-x86_64-fedora-clang 0.2 213.96 OK
r-devel-linux-x86_64-fedora-gcc 0.2 191.07 OK
r-patched-linux-x86_64 0.2 2.61 85.51 88.12 OK
r-patched-solaris-x86 0.2 1308.70 WARN
r-release-linux-x86_64 0.2 2.44 161.75 164.19 OK
r-release-windows-ix86+x86_64 0.2 7.00 139.00 146.00 OK
r-release-osx-x86_64 0.2 OK
r-oldrel-windows-ix86+x86_64 0.2 4.00 131.00 135.00 OK
r-oldrel-osx-x86_64 0.2 OK

Check Details

Version: 0.2
Check: package dependencies
Result: NOTE
    Package suggested but not available for checking: ‘FSelector’
Flavor: r-patched-solaris-x86

Version: 0.2
Check: re-building of vignette outputs
Result: WARN
    Error(s) in re-building vignettes:
     ...
    --- re-building ‘varrank.Rmd’ using knitr
    Loading required package: randomForest
    randomForest 4.6-14
    Type rfNews() to see new features/changes/bug fixes.
    
    Attaching package: 'randomForest'
    
    The following object is masked from 'package:ranger':
    
     importance
    
    The following object is masked from 'package:ggplot2':
    
     margin
    
    Loading required package: parallel
    Quitting from lines 123-126 (varrank.Rmd)
    Error: processing vignette 'varrank.Rmd' failed with diagnostics:
    there is no package called 'FSelector'
    --- failed re-building ‘varrank.Rmd’
    
    SUMMARY: processing the following file failed:
     ‘varrank.Rmd’
    
    Error: Vignette re-building failed.
    Execution halted
Flavor: r-patched-solaris-x86