Last updated on 2019-05-01 01:52:08 CEST.
Flavor | Version | Tinstall | Tcheck | Ttotal | Status | Flags |
---|---|---|---|---|---|---|
r-devel-linux-x86_64-debian-clang | 0.7.0 | 21.52 | 181.95 | 203.47 | OK | |
r-devel-linux-x86_64-debian-gcc | 0.7.0 | 17.57 | 137.70 | 155.27 | OK | |
r-devel-linux-x86_64-fedora-clang | 0.7.0 | 233.28 | OK | |||
r-devel-linux-x86_64-fedora-gcc | 0.7.0 | 227.34 | OK | |||
r-patched-linux-x86_64 | 0.7.0 | 19.58 | 176.27 | 195.85 | OK | |
r-patched-solaris-x86 | 0.7.0 | 340.60 | NOTE | |||
r-release-linux-x86_64 | 0.7.0 | 19.37 | 177.65 | 197.02 | OK | |
r-release-windows-ix86+x86_64 | 0.7.0 | 47.00 | 259.00 | 306.00 | OK | |
r-release-osx-x86_64 | 0.7.0 | OK | ||||
r-oldrel-windows-ix86+x86_64 | 0.7.0 | 30.00 | 247.00 | 277.00 | OK | |
r-oldrel-osx-x86_64 | 0.7.0 | OK |
Version: 0.7.0
Check: installed package size
Result: NOTE
installed size is 5.3Mb
sub-directories of 1Mb or more:
R 2.6Mb
Flavor: r-patched-solaris-x86