Last updated on 2019-05-01 01:52:08 CEST.
Flavor | Version | Tinstall | Tcheck | Ttotal | Status | Flags |
---|---|---|---|---|---|---|
r-devel-linux-x86_64-debian-clang | 0.1.1 | 1.56 | 17.77 | 19.33 | OK | |
r-devel-linux-x86_64-debian-gcc | 0.1.1 | 1.20 | 14.72 | 15.92 | OK | |
r-devel-linux-x86_64-fedora-clang | 0.1.1 | 23.21 | NOTE | |||
r-devel-linux-x86_64-fedora-gcc | 0.1.1 | 22.21 | NOTE | |||
r-patched-linux-x86_64 | 0.1.1 | 1.47 | 18.14 | 19.61 | OK | |
r-patched-solaris-x86 | 0.1.1 | 37.60 | NOTE | |||
r-release-linux-x86_64 | 0.1.1 | 1.24 | 18.00 | 19.24 | OK | |
r-release-windows-ix86+x86_64 | 0.1.1 | 5.00 | 42.00 | 47.00 | OK | |
r-release-osx-x86_64 | 0.1.1 | NOTE | ||||
r-oldrel-windows-ix86+x86_64 | 0.1.1 | 3.00 | 43.00 | 46.00 | OK | |
r-oldrel-osx-x86_64 | 0.1.1 | NOTE |
Version: 0.1.1
Check: data for non-ASCII characters
Result: NOTE
Note: found 60 marked UTF-8 strings
Flavors: r-devel-linux-x86_64-fedora-clang, r-devel-linux-x86_64-fedora-gcc, r-patched-solaris-x86, r-release-osx-x86_64, r-oldrel-osx-x86_64