CRAN Package Check Results for Package visNetwork

Last updated on 2019-05-01 01:52:08 CEST.

Flavor Version Tinstall Tcheck Ttotal Status Flags
r-devel-linux-x86_64-debian-clang 2.0.6 8.72 61.87 70.59 OK
r-devel-linux-x86_64-debian-gcc 2.0.6 8.06 49.39 57.45 OK
r-devel-linux-x86_64-fedora-clang 2.0.6 83.44 NOTE
r-devel-linux-x86_64-fedora-gcc 2.0.6 80.55 OK
r-patched-linux-x86_64 2.0.6 9.07 61.92 70.99 OK
r-patched-solaris-x86 2.0.6 109.50 WARN
r-release-linux-x86_64 2.0.6 8.46 62.73 71.19 OK
r-release-windows-ix86+x86_64 2.0.6 23.00 137.00 160.00 NOTE
r-release-osx-x86_64 2.0.6 WARN
r-oldrel-windows-ix86+x86_64 2.0.6 22.00 116.00 138.00 NOTE
r-oldrel-osx-x86_64 2.0.6 WARN

Check Details

Version: 2.0.6
Check: installed package size
Result: NOTE
     installed size is 11.2Mb
     sub-directories of 1Mb or more:
     doc 4.2Mb
     docjs 1.4Mb
     htmlwidgets 4.0Mb
Flavors: r-devel-linux-x86_64-fedora-clang, r-patched-solaris-x86, r-release-windows-ix86+x86_64, r-release-osx-x86_64, r-oldrel-windows-ix86+x86_64, r-oldrel-osx-x86_64

Version: 2.0.6
Check: re-building of vignette outputs
Result: WARN
    Error(s) in re-building vignettes:
     ...
    --- re-building ‘Introduction-to-visNetwork.Rmd’ using rmarkdown
    Warning in engine$weave(file, quiet = quiet, encoding = enc) :
     Pandoc (>= 1.12.3) and/or pandoc-citeproc not available. Falling back to R Markdown v1.
    Quitting from lines 22-27 (Introduction-to-visNetwork.Rmd)
    Error: processing vignette 'Introduction-to-visNetwork.Rmd' failed with diagnostics:
    cannot open the connection
    --- failed re-building ‘Introduction-to-visNetwork.Rmd’
    
    SUMMARY: processing the following file failed:
     ‘Introduction-to-visNetwork.Rmd’
    
    Error: Vignette re-building failed.
    Execution halted
Flavors: r-patched-solaris-x86, r-release-osx-x86_64

Version: 2.0.6
Check: re-building of vignette outputs
Result: WARN
    Error in re-building vignettes:
     ...
    Warning in engine$weave(file, quiet = quiet, encoding = enc) :
     Pandoc (>= 1.12.3) and/or pandoc-citeproc not available. Falling back to R Markdown v1.
    Quitting from lines 22-27 (Introduction-to-visNetwork.Rmd)
    Error: processing vignette 'Introduction-to-visNetwork.Rmd' failed with diagnostics:
    cannot open the connection
    Execution halted
Flavor: r-oldrel-osx-x86_64