Last updated on 2019-05-01 01:52:08 CEST.
Flavor | Version | Tinstall | Tcheck | Ttotal | Status | Flags |
---|---|---|---|---|---|---|
r-devel-linux-x86_64-debian-clang | 1.3.5 | 11.02 | 110.88 | 121.90 | OK | |
r-devel-linux-x86_64-debian-gcc | 1.3.5 | 10.00 | 86.93 | 96.93 | OK | |
r-devel-linux-x86_64-fedora-clang | 1.3.5 | 142.87 | NOTE | |||
r-devel-linux-x86_64-fedora-gcc | 1.3.5 | 135.26 | NOTE | |||
r-patched-linux-x86_64 | 1.3.5 | 9.48 | 107.34 | 116.82 | OK | |
r-patched-solaris-x86 | 1.3.5 | 204.10 | NOTE | |||
r-release-linux-x86_64 | 1.3.5 | 11.11 | 110.35 | 121.46 | OK | |
r-release-windows-ix86+x86_64 | 1.3.5 | 31.00 | 170.00 | 201.00 | OK | |
r-release-osx-x86_64 | 1.3.5 | NOTE | ||||
r-oldrel-windows-ix86+x86_64 | 1.3.5 | 19.00 | 115.00 | 134.00 | OK | |
r-oldrel-osx-x86_64 | 1.3.5 | NOTE |
Version: 1.3.5
Check: dependencies in R code
Result: NOTE
Namespace in Imports field not imported from: ‘methods’
All declared Imports should be used.
Flavors: r-devel-linux-x86_64-fedora-clang, r-devel-linux-x86_64-fedora-gcc, r-patched-solaris-x86, r-release-osx-x86_64, r-oldrel-osx-x86_64