Last updated on 2019-05-01 01:52:08 CEST.
Flavor | Version | Tinstall | Tcheck | Ttotal | Status | Flags |
---|---|---|---|---|---|---|
r-devel-linux-x86_64-debian-clang | 4.6.8 | 25.27 | 93.88 | 119.15 | OK | |
r-devel-linux-x86_64-debian-gcc | 4.6.8 | 17.61 | 72.00 | 89.61 | OK | |
r-devel-linux-x86_64-fedora-clang | 4.6.8 | 142.16 | NOTE | |||
r-devel-linux-x86_64-fedora-gcc | 4.6.8 | 131.29 | NOTE | |||
r-patched-linux-x86_64 | 4.6.8 | 21.25 | 92.64 | 113.89 | OK | |
r-patched-solaris-x86 | 4.6.8 | 173.50 | OK | |||
r-release-linux-x86_64 | 4.6.8 | 21.69 | 93.33 | 115.02 | OK | |
r-release-windows-ix86+x86_64 | 4.6.8 | 58.00 | 161.00 | 219.00 | OK | |
r-release-osx-x86_64 | 4.6.8 | OK | ||||
r-oldrel-windows-ix86+x86_64 | 4.6.8 | 52.00 | 115.00 | 167.00 | OK | |
r-oldrel-osx-x86_64 | 4.6.8 | OK |
Version: 4.6.8
Check: compiled code
Result: NOTE
File ‘wavethresh/libs/wavethresh.so’:
Found no calls to: ‘R_registerRoutines’, ‘R_useDynamicSymbols’
It is good practice to register native routines and to disable symbol
search.
See ‘Writing portable packages’ in the ‘Writing R Extensions’ manual.
Flavors: r-devel-linux-x86_64-fedora-clang, r-devel-linux-x86_64-fedora-gcc