Last updated on 2019-05-01 01:52:08 CEST.
Flavor | Version | Tinstall | Tcheck | Ttotal | Status | Flags |
---|---|---|---|---|---|---|
r-devel-linux-x86_64-debian-clang | 1.0.4 | 200.30 | 225.74 | 426.04 | OK | |
r-devel-linux-x86_64-debian-gcc | 1.0.4 | 164.69 | 153.37 | 318.06 | OK | |
r-devel-linux-x86_64-fedora-clang | 1.0.4 | 593.79 | NOTE | |||
r-devel-linux-x86_64-fedora-gcc | 1.0.4 | 559.27 | OK | |||
r-patched-linux-x86_64 | 1.0.4 | 193.77 | 236.15 | 429.92 | OK | |
r-patched-solaris-x86 | 1.0.4 | 713.50 | OK | |||
r-release-linux-x86_64 | 1.0.4 | 187.71 | 219.61 | 407.32 | OK | |
r-release-windows-ix86+x86_64 | 1.0.4 | 468.00 | 432.00 | 900.00 | OK | |
r-release-osx-x86_64 | 1.0.4 | NOTE | ||||
r-oldrel-windows-ix86+x86_64 | 1.0.4 | 463.00 | 330.00 | 793.00 | OK | |
r-oldrel-osx-x86_64 | 1.0.4 | NOTE |
Version: 1.0.4
Check: installed package size
Result: NOTE
installed size is 8.6Mb
sub-directories of 1Mb or more:
libs 7.8Mb
Flavors: r-devel-linux-x86_64-fedora-clang, r-release-osx-x86_64, r-oldrel-osx-x86_64