Last updated on 2019-05-01 01:52:08 CEST.
Flavor | Version | Tinstall | Tcheck | Ttotal | Status | Flags |
---|---|---|---|---|---|---|
r-devel-linux-x86_64-debian-clang | 0.1-9 | 10.03 | 57.95 | 67.98 | OK | |
r-devel-linux-x86_64-debian-gcc | 0.1-9 | 9.25 | 45.11 | 54.36 | OK | |
r-devel-linux-x86_64-fedora-clang | 0.1-9 | 79.65 | NOTE | |||
r-devel-linux-x86_64-fedora-gcc | 0.1-9 | 77.21 | OK | |||
r-patched-linux-x86_64 | 0.1-9 | 10.77 | 58.09 | 68.86 | OK | |
r-patched-solaris-x86 | 0.1-9 | 120.30 | NOTE | |||
r-release-linux-x86_64 | 0.1-9 | 10.12 | 58.10 | 68.22 | OK | |
r-release-windows-ix86+x86_64 | 0.1-9 | 24.00 | 80.00 | 104.00 | NOTE | |
r-release-osx-x86_64 | 0.1-9 | NOTE | ||||
r-oldrel-windows-ix86+x86_64 | 0.1-9 | 19.00 | 104.00 | 123.00 | NOTE | |
r-oldrel-osx-x86_64 | 0.1-9 | NOTE |
Version: 0.1-9
Check: installed package size
Result: NOTE
installed size is 5.8Mb
sub-directories of 1Mb or more:
data 5.6Mb
Flavors: r-devel-linux-x86_64-fedora-clang, r-patched-solaris-x86, r-release-windows-ix86+x86_64, r-release-osx-x86_64, r-oldrel-windows-ix86+x86_64, r-oldrel-osx-x86_64