CRAN Package Check Results for Package xseq

Last updated on 2019-05-01 01:52:08 CEST.

Flavor Version Tinstall Tcheck Ttotal Status Flags
r-devel-linux-x86_64-debian-clang 0.2.1 5.85 158.88 164.73 OK
r-devel-linux-x86_64-debian-gcc 0.2.1 5.32 30.16 35.48 ERROR
r-devel-linux-x86_64-fedora-clang 0.2.1 207.90 NOTE
r-devel-linux-x86_64-fedora-gcc 0.2.1 200.84 NOTE
r-patched-linux-x86_64 0.2.1 6.34 153.84 160.18 OK
r-patched-solaris-x86 0.2.1 271.20 OK
r-release-linux-x86_64 0.2.1 5.41 156.71 162.12 OK
r-release-windows-ix86+x86_64 0.2.1 15.00 243.00 258.00 OK
r-release-osx-x86_64 0.2.1 ERROR
r-oldrel-windows-ix86+x86_64 0.2.1 14.00 194.00 208.00 OK
r-oldrel-osx-x86_64 0.2.1 OK

Check Details

Version: 0.2.1
Check: examples
Result: ERROR
    Running examples in ‘xseq-Ex.R’ failed
    The error most likely occurred in:
    
    > base::assign(".ptime", proc.time(), pos = "CheckExEnv")
    > ### Name: QuantileNorm
    > ### Title: Quantile normalize a matrix
    > ### Aliases: QuantileNorm
    >
    > ### ** Examples
    >
    > data(expr)
    > expr.quantile = QuantileNorm(expr)
    Error in preprocessCore::normalize.quantiles(t(X)) :
     ERROR; return code from pthread_create() is 22
    Calls: QuantileNorm -> <Anonymous>
    Execution halted
Flavor: r-devel-linux-x86_64-debian-gcc

Version: 0.2.1
Check: re-building of vignette outputs
Result: WARN
    Error(s) in re-building vignettes:
     ...
    --- re-building ‘xseq-package.Rmd’ using rmarkdown
    Quitting from lines 55-65 (xseq-package.Rmd)
    Error: processing vignette 'xseq-package.Rmd' failed with diagnostics:
    ERROR; return code from pthread_create() is 22
    
    --- failed re-building ‘xseq-package.Rmd’
    
    SUMMARY: processing the following file failed:
     ‘xseq-package.Rmd’
    
    Error: Vignette re-building failed.
    Execution halted
Flavor: r-devel-linux-x86_64-debian-gcc

Version: 0.2.1
Check: compiled code
Result: NOTE
    File ‘xseq/libs/xseq.so’:
     Found no call to: ‘R_useDynamicSymbols’
    
    It is good practice to register native routines and to disable symbol
    search.
    
    See ‘Writing portable packages’ in the ‘Writing R Extensions’ manual.
Flavors: r-devel-linux-x86_64-fedora-clang, r-devel-linux-x86_64-fedora-gcc

Version: 0.2.1
Check: package dependencies
Result: ERROR
    Packages required but not available: 'impute', 'preprocessCore'
    
    See section ‘The DESCRIPTION file’ in the ‘Writing R Extensions’
    manual.
Flavor: r-release-osx-x86_64