Last updated on 2019-05-01 01:52:08 CEST.
Flavor | Version | Tinstall | Tcheck | Ttotal | Status | Flags |
---|---|---|---|---|---|---|
r-devel-linux-x86_64-debian-clang | 1.3.0 | 9.80 | 77.27 | 87.07 | OK | |
r-devel-linux-x86_64-debian-gcc | 1.3.0 | 8.80 | 62.31 | 71.11 | OK | |
r-devel-linux-x86_64-fedora-clang | 1.3.0 | 105.52 | NOTE | |||
r-devel-linux-x86_64-fedora-gcc | 1.3.0 | 101.60 | NOTE | |||
r-patched-linux-x86_64 | 1.3.0 | 9.17 | 76.18 | 85.35 | OK | |
r-patched-solaris-x86 | 1.3.0 | 167.30 | NOTE | |||
r-release-linux-x86_64 | 1.3.0 | 10.03 | 76.15 | 86.18 | OK | |
r-release-windows-ix86+x86_64 | 1.3.0 | 29.00 | 89.00 | 118.00 | OK | |
r-release-osx-x86_64 | 1.3.0 | NOTE | ||||
r-oldrel-windows-ix86+x86_64 | 1.3.0 | 26.00 | 128.00 | 154.00 | OK | |
r-oldrel-osx-x86_64 | 1.3.0 | NOTE |
Version: 1.3.0
Check: dependencies in R code
Result: NOTE
Namespace in Imports field not imported from: ‘ghyp’
All declared Imports should be used.
Flavors: r-devel-linux-x86_64-fedora-clang, r-devel-linux-x86_64-fedora-gcc, r-patched-solaris-x86, r-release-osx-x86_64, r-oldrel-osx-x86_64