Last updated on 2019-06-18 01:48:28 CEST.
Flavor | Version | Tinstall | Tcheck | Ttotal | Status | Flags |
---|---|---|---|---|---|---|
r-devel-linux-x86_64-debian-clang | 1.4.2 | 7.04 | 602.58 | 609.62 | OK | |
r-devel-linux-x86_64-debian-gcc | 1.4.2 | 6.54 | 425.87 | 432.41 | OK | |
r-devel-linux-x86_64-fedora-clang | 1.4.2 | 708.85 | OK | |||
r-devel-linux-x86_64-fedora-gcc | 1.4.2 | 681.43 | OK | |||
r-devel-windows-ix86+x86_64 | 1.4.2 | 20.00 | 735.00 | 755.00 | OK | |
r-patched-linux-x86_64 | 1.4.2 | 6.11 | 586.78 | 592.89 | OK | |
r-patched-solaris-x86 | 1.4.2 | 826.80 | NOTE | |||
r-release-linux-x86_64 | 1.4.2 | 7.44 | 590.41 | 597.85 | OK | |
r-release-windows-ix86+x86_64 | 1.4.2 | 15.00 | 591.00 | 606.00 | OK | |
r-release-osx-x86_64 | 1.4.2 | OK | ||||
r-oldrel-windows-ix86+x86_64 | 1.4.2 | 9.00 | 752.00 | 761.00 | OK | |
r-oldrel-osx-x86_64 | 1.4.2 | OK |
Version: 1.4.2
Check: installed package size
Result: NOTE
installed size is 5.4Mb
sub-directories of 1Mb or more:
doc 2.4Mb
full_doc 2.6Mb
Flavor: r-patched-solaris-x86