Last updated on 2019-06-18 01:48:28 CEST.
Flavor | Version | Tinstall | Tcheck | Ttotal | Status | Flags |
---|---|---|---|---|---|---|
r-devel-linux-x86_64-debian-clang | 1.0.2 | 9.84 | 86.20 | 96.04 | OK | |
r-devel-linux-x86_64-debian-gcc | 1.0.2 | 8.36 | 68.47 | 76.83 | OK | |
r-devel-linux-x86_64-fedora-clang | 1.0.2 | 117.78 | OK | |||
r-devel-linux-x86_64-fedora-gcc | 1.0.2 | 110.47 | OK | |||
r-devel-windows-ix86+x86_64 | 1.0.2 | 38.00 | 106.00 | 144.00 | OK | |
r-patched-linux-x86_64 | 1.0.2 | 8.94 | 83.26 | 92.20 | OK | |
r-patched-solaris-x86 | 1.0.2 | 183.00 | OK | |||
r-release-linux-x86_64 | 1.0.2 | 9.25 | 86.37 | 95.62 | OK | |
r-release-windows-ix86+x86_64 | 1.0.2 | 20.00 | 173.00 | 193.00 | OK | |
r-release-osx-x86_64 | 1.0.2 | WARN | ||||
r-oldrel-windows-ix86+x86_64 | 1.0.2 | 15.00 | 128.00 | 143.00 | OK | |
r-oldrel-osx-x86_64 | 1.0.2 | WARN |
Version: 1.0.2
Check: whether package can be installed
Result: WARN
Found the following significant warnings:
Warning: 'rgl_init' failed, running with rgl.useNULL = TRUE
Flavors: r-release-osx-x86_64, r-oldrel-osx-x86_64