Last updated on 2019-06-18 01:48:28 CEST.
Flavor | Version | Tinstall | Tcheck | Ttotal | Status | Flags |
---|---|---|---|---|---|---|
r-devel-linux-x86_64-debian-clang | 0.1.2 | 3.27 | 31.99 | 35.26 | OK | |
r-devel-linux-x86_64-debian-gcc | 0.1.2 | 2.79 | 25.89 | 28.68 | OK | |
r-devel-linux-x86_64-fedora-clang | 0.1.2 | 43.16 | NOTE | |||
r-devel-linux-x86_64-fedora-gcc | 0.1.2 | 41.81 | NOTE | |||
r-devel-windows-ix86+x86_64 | 0.1.2 | 13.00 | 78.00 | 91.00 | OK | |
r-patched-linux-x86_64 | 0.1.2 | 3.57 | 31.49 | 35.06 | OK | |
r-patched-solaris-x86 | 0.1.2 | 66.50 | NOTE | |||
r-release-linux-x86_64 | 0.1.2 | 4.08 | 32.32 | 36.40 | OK | |
r-release-windows-ix86+x86_64 | 0.1.2 | 9.00 | 92.00 | 101.00 | OK | |
r-release-osx-x86_64 | 0.1.2 | NOTE | ||||
r-oldrel-windows-ix86+x86_64 | 0.1.2 | 5.00 | 62.00 | 67.00 | OK | |
r-oldrel-osx-x86_64 | 0.1.2 | NOTE |
Version: 0.1.2
Check: dependencies in R code
Result: NOTE
Namespace in Imports field not imported from: ‘zoo’
All declared Imports should be used.
Flavors: r-devel-linux-x86_64-fedora-clang, r-devel-linux-x86_64-fedora-gcc, r-patched-solaris-x86, r-release-osx-x86_64, r-oldrel-osx-x86_64