CRAN Package Check Results for Package BIFIEsurvey

Last updated on 2019-06-18 01:48:29 CEST.

Flavor Version Tinstall Tcheck Ttotal Status Flags
r-devel-linux-x86_64-debian-clang 3.3-12 133.98 108.79 242.77 OK
r-devel-linux-x86_64-debian-gcc 3.3-12 121.76 84.94 206.70 OK
r-devel-linux-x86_64-fedora-clang 3.3-12 328.47 NOTE
r-devel-linux-x86_64-fedora-gcc 3.3-12 294.61 OK
r-devel-windows-ix86+x86_64 3.3-12 232.00 168.00 400.00 OK
r-patched-linux-x86_64 3.3-12 137.61 105.90 243.51 OK
r-patched-solaris-x86 3.3-12 342.60 OK
r-release-linux-x86_64 3.3-12 139.58 106.64 246.22 OK
r-release-windows-ix86+x86_64 3.3-12 198.00 159.00 357.00 OK
r-release-osx-x86_64 3.3-12 NOTE
r-oldrel-windows-ix86+x86_64 3.3-12 206.00 158.00 364.00 OK
r-oldrel-osx-x86_64 3.3-12 NOTE

Check Details

Version: 3.3-12
Check: installed package size
Result: NOTE
     installed size is 10.0Mb
     sub-directories of 1Mb or more:
     data 1.4Mb
     libs 8.0Mb
Flavors: r-devel-linux-x86_64-fedora-clang, r-release-osx-x86_64, r-oldrel-osx-x86_64