Last updated on 2019-06-18 01:48:29 CEST.
Flavor | Version | Tinstall | Tcheck | Ttotal | Status | Flags |
---|---|---|---|---|---|---|
r-devel-linux-x86_64-debian-clang | 0.2.0 | 547.84 | 192.50 | 740.34 | OK | |
r-devel-linux-x86_64-debian-gcc | 0.2.0 | 536.30 | 157.50 | 693.80 | OK | |
r-devel-linux-x86_64-fedora-clang | 0.2.0 | 1006.22 | NOTE | |||
r-devel-linux-x86_64-fedora-gcc | 0.2.0 | 980.64 | OK | |||
r-devel-windows-ix86+x86_64 | 0.2.0 | 1350.00 | 401.00 | 1751.00 | NOTE | |
r-patched-linux-x86_64 | 0.2.0 | 596.28 | 207.80 | 804.08 | OK | |
r-patched-solaris-x86 | 0.2.0 | 3.90 | ERROR | |||
r-release-linux-x86_64 | 0.2.0 | 609.81 | 207.51 | 817.32 | OK | |
r-release-windows-ix86+x86_64 | 0.2.0 | 1064.00 | 482.00 | 1546.00 | NOTE | |
r-release-osx-x86_64 | 0.2.0 | NOTE | ||||
r-oldrel-windows-ix86+x86_64 | 0.2.0 | 936.00 | 478.00 | 1414.00 | NOTE | |
r-oldrel-osx-x86_64 | 0.2.0 | NOTE |
Version: 0.2.0
Check: installed package size
Result: NOTE
installed size is 82.7Mb
sub-directories of 1Mb or more:
libs 82.4Mb
Flavors: r-devel-linux-x86_64-fedora-clang, r-devel-windows-ix86+x86_64, r-release-windows-ix86+x86_64, r-release-osx-x86_64, r-oldrel-windows-ix86+x86_64, r-oldrel-osx-x86_64
Version: 0.2.0
Check: whether package can be installed
Result: ERROR
Installation failed.
Flavor: r-patched-solaris-x86