Last updated on 2019-06-18 01:48:30 CEST.
Flavor | Version | Tinstall | Tcheck | Ttotal | Status | Flags |
---|---|---|---|---|---|---|
r-devel-linux-x86_64-debian-clang | 1.1.8 | 67.56 | 36.46 | 104.02 | OK | |
r-devel-linux-x86_64-debian-gcc | 1.1.8 | 59.61 | 29.82 | 89.43 | OK | |
r-devel-linux-x86_64-fedora-clang | 1.1.8 | 148.51 | NOTE | |||
r-devel-linux-x86_64-fedora-gcc | 1.1.8 | 145.78 | OK | |||
r-devel-windows-ix86+x86_64 | 1.1.8 | 123.00 | 94.00 | 217.00 | OK | |
r-patched-linux-x86_64 | 1.1.8 | 68.14 | 37.96 | 106.10 | OK | |
r-patched-solaris-x86 | 1.1.8 | 139.70 | OK | |||
r-release-linux-x86_64 | 1.1.8 | 66.65 | 38.30 | 104.95 | OK | |
r-release-windows-ix86+x86_64 | 1.1.8 | 111.00 | 93.00 | 204.00 | OK | |
r-release-osx-x86_64 | 1.1.8 | NOTE | ||||
r-oldrel-windows-ix86+x86_64 | 1.1.8 | 107.00 | 91.00 | 198.00 | OK | |
r-oldrel-osx-x86_64 | 1.1.8 | NOTE |
Version: 1.1.8
Check: installed package size
Result: NOTE
installed size is 17.1Mb
sub-directories of 1Mb or more:
libs 17.0Mb
Flavors: r-devel-linux-x86_64-fedora-clang, r-release-osx-x86_64, r-oldrel-osx-x86_64
Version: 1.1.8
Check: package dependencies
Result: NOTE
Package suggested but not available for checking: ‘doMPI’
Flavors: r-release-osx-x86_64, r-oldrel-osx-x86_64